 12*j - 5. What is the hundreds digit of k(9)?
2
Suppose 1195 = 3*l + q + 7, -2*l = 3*q - 785. Suppose -t + 5*t = 3*p + 322, -l = -5*t + p. What is the units digit of t?
9
Let w = 110 - 67. Suppose 4*z - 507 + w = 0. What is the hundreds digit of z?
1
Let v be 49/1 + 7 + -6. Suppose a + 0*g - v = g, -3*g = -4*a + 205. What is the tens digit of a?
5
Let u be (-75)/(-6)*30/25. Let d be -3*(-4 + 50/u). Suppose -d*p + 52 = 2*p. What is the tens digit of p?
1
Let q = -18 - -41. Let w(x) = -x**2 - 13*x - 11. Let v be w(-10). Let s = v + q. What is the units digit of s?
2
Let q(y) = 3*y**3 + y**2 - 11*y - 1. Let o be q(4). Suppose 4*h + 59 = o. What is the tens digit of h?
2
Let p(v) = -v**2 - v. Let w be p(0). Suppose 0 = 2*l + 2, -2*d + w = l - 15. What is the units digit of 12/((-6)/2) + d?
4
Let f(o) = -10*o - 9. Let i be f(5). Let s = 111 - i. What is the tens digit of s?
7
Let y(g) = 12*g + 46. Let z(r) = -r**3 + 11*r**2 - 9*r - 4. Let u be z(10). What is the tens digit of y(u)?
1
Suppose 0 = -2*x + 2*h + 10, 6 = -x - 3*h + 3. Suppose 148 = g - 3*m, 0 = -5*g + x*m - 0*m + 728. What is the units digit of g?
5
Let c(t) = -t**3 + 5*t**2 + 7. Let y be c(5). Suppose -4*g + 5*g - 24 = 0. Let z = g - y. What is the units digit of z?
7
Suppose 44*w - 47450 - 17582 = 0. What is the units digit of w?
8
Let q(b) = 103*b - 10. What is the hundreds digit of q(17)?
7
Suppose -l - 4*j + 17 - 4 = 0, -4*j = -3*l - 25. Let f(p) = -12*p + 3. What is the units digit of f(l)?
9
Suppose -29 - 323 = -2*a - 2*j, -2*a + 2*j = -332. What is the units digit of a?
1
Let s(o) = -o**3 - 6*o**2 + 19*o - 7. Suppose 3*g - 9 = 4*g. What is the tens digit of s(g)?
6
Let m(n) = -2*n**3 - 9*n**2 - 7*n + 8. Let c be m(-6). Let t = -100 + c. What is the tens digit of t?
5
Let r be 2/(-6)*(-9)/1. Let w(q) = 4*q**2 + 4*q. Let a be w(r). Suppose -3*n = -5*n + a. What is the tens digit of n?
2
Let b(x) = x**2 + 15*x - 1. Let q be b(-18). What is the tens digit of q + (0/3)/(-5)?
5
Let s(l) = 23*l**2 - 5*l. Let o be s(6). Suppose 3*q = 2*z + 310 + 288, -3*z - o = -4*q. Suppose 7*u - q - 54 = 0. What is the tens digit of u?
3
Suppose -y = y - 10. Let s be -2 + (y + -1)/(-4). Let n(l) = -2*l + 6. What is the tens digit of n(s)?
1
Let d be (-4)/(-24) + 41/6. Suppose -5*b = -d*b + 184. What is the units digit of b?
2
Let b be (-1215)/36 + (-3)/(-4). Let a = b - -34. What is the tens digit of 4 - (-27 - a - 1)?
3
Suppose 5*l = 2*s + 2*s + 1776, s - 1 = 0. Suppose 4*d + 712 = -4*b, 2*b - d + l = -4*d. What is the tens digit of (-1)/4 - b/8?
2
Let a(h) = -144*h - 36. What is the thousands digit of a(-10)?
1
Let x be (-14)/3*-15*4/(-8). Let l = x - -83. What is the tens digit of l?
4
Let b(p) = p**3 + 25*p**2 - 26*p + 1. Let l be b(-26). Let k(n) = 153*n**3 + 2*n**2 - 2. What is the hundreds digit of k(l)?
1
Suppose u - 799 = 3*b, -8*u + 13*u + 5*b = 3955. What is the tens digit of u?
9
Suppose 17*u - 19*u + 582 = 3*a, -u + 277 = 5*a. What is the hundreds digit of u?
2
Let k = 38 + -13. Suppose 0 = -5*j + r + 301, -4*r = -2*j - k + 149. What is the units digit of j?
0
Suppose 0 = -5*a - 2*o + 14944 - 2572, -3*o - 9893 = -4*a. What is the thousands digit of a?
2
What is the units digit of (-2)/10 + ((-394128)/(-20))/12?
2
Suppose 4 = 6*y - 7*y. What is the tens digit of y*((-3 - -1) + -2)?
1
Suppose -p + 50 = 5*v, 3 = -4*v - 1. Let h = p - -10. Let n = h + -19. What is the units digit of n?
6
Let z be 2/(-3) + 104/12. Suppose 4*k - 2*k - z = 4*r, -5*k + 28 = -2*r. What is the tens digit of 3/k - (-148)/8?
1
Let t(f) = 2*f**2 + 3*f + 1. Let l(x) = 14*x**2 + 2*x + 1. Let w be l(-1). Suppose 0 = -6*y + 1 - w. What is the units digit of t(y)?
3
Let k(w) = 3*w + 42. Let d be k(-12). Let r = 1 - 1. Suppose r = h + h - d. What is the units digit of h?
3
What is the tens digit of 503/3 - 5/(-15)?
6
Let u = 425 - 201. Let j = u - 156. What is the units digit of j?
8
What is the tens digit of ((-2)/((-6)/(-5)))/((-5)/1230)?
1
Let i(h) = 3*h - 24. Let g(q) = -6*q + 48. Let c(b) = -6*g(b) - 13*i(b). What is the units digit of c(-15)?
9
Let v(m) = -m**2 - 3*m + 8. Let r be v(-4). What is the units digit of (-4 + 69/(-2))/((-2)/r)?
7
Let h = 81 + 54. Suppose 4*i = 2*m - 72, -h - 30 = -5*m - 5*i. What is the units digit of m?
4
Suppose 4*l + 8 = -0. Let t be ((-39)/(-26))/(l/(-4)). What is the tens digit of 13*(t - -1)*1?
5
What is the tens digit of (-2 - (-17154)/(-63))*-7?
2
What is the units digit of (12/7)/(15/(217350/12))?
0
Suppose 0 = -7*x - 0*x + 42. Suppose 2*u + x*j - 290 = 2*j, -4*u + 5*j + 645 = 0. What is the tens digit of u?
5
Let f = 29 + 39. Suppose f = 4*g + 20. What is the units digit of g?
2
Let s be 3 - ((-78)/10)/((-11)/(-55)). Suppose 0 = -2*b, -2*k - 3*b - 1 = 31. What is the units digit of s*(k/(-12))/4?
4
Let y be (1 + -2)*-3 - -3. Let z = -7 + y. What is the units digit of (3/(-2))/(z/6)?
9
Let r = -21 - -17. What is the units digit of 2/12 - (933/(-18) + r)?
6
Let a = -306 + 782. Suppose a = 3*d - 76. What is the hundreds digit of d?
1
Suppose 3*q - 2*c - 581 = 2*q, 5*q - 2873 = 2*c. What is the units digit of q?
3
Let t(c) = -c**2 - 3*c - 2. Let u be t(-3). Let s(i) = -37*i - 8. Let o be s(u). Suppose j - o = -37. What is the units digit of j?
9
Let g = -21 - -18. Let t be g/(-1 + (0 - 0)). Suppose n = -t, i + 3*n - 22 = 2*n. What is the tens digit of i?
2
Let n(j) = 60*j - 122. What is the tens digit of n(9)?
1
Suppose -g = -3*g - 10. Let m be ((-4)/9)/(-2) + (-210)/(-27). Let r = g + m. What is the units digit of r?
3
Suppose -11*l - 2034 = -17*l. Let b = l + -227. What is the tens digit of b?
1
Suppose -3*r + 0*r = -6. Let h = 275 + -275. Suppose h = r*t - 12 - 18. What is the tens digit of t?
1
What is the units digit of 6388/8 + (4 - 21/6)?
9
Suppose 452 = 4*q - 3*o - o, -4*o + 346 = 3*q. Let m = -57 + q. What is the tens digit of m?
5
Suppose 17*u - 2*x - 1366 = 14*u, -5*x = 3*u - 1394. What is the units digit of u?
8
Suppose -4*k = -3*a - 40 + 3, -12 = 4*a. Let r = k + -2. Suppose -2*l + r*l - 21 = 0. What is the units digit of l?
7
Suppose -685*h + 687*h - 3546 = 0. What is the units digit of h?
3
Suppose 0 = -71*p + 55*p + 67264. What is the tens digit of p?
0
Let r(n) = n**2 + 5*n + 5. Let m = 17 + -25. What is the tens digit of r(m)?
2
Suppose -369 = 21*w - 30*w. Let a = w - -114. What is the hundreds digit of a?
1
Let a = 3682 + -2254. What is the hundreds digit of a?
4
Let p(d) = -249*d + 92. What is the thousands digit of p(-6)?
1
Suppose 4*r - 3*k = 3343, 6*r - 3*r = -k + 2504. What is the units digit of r?
5
Suppose -4*d - 5*c + 6*c + 5704 = 0, 20 = 5*c. What is the thousands digit of d?
1
Suppose 0 = 3*n + r - 8628, 166*r + 11496 = 4*n + 170*r. What is the tens digit of n?
7
Let d be (-250)/(-15)*3/2. Suppose -4*x + d = -3*x. Suppose -2*v = f - 77, 4*f + x = 2*v - 27. What is the units digit of v?
6
Suppose -2*b = 3*b - 45. Let o = -6 + b. Suppose 0 = o*r - 12 - 63. What is the units digit of r?
5
Let u(m) = m**2 - 12*m + 5. Let n be u(13). Let g be (-3)/2*(-4 + n). What is the units digit of (g/(-12))/((-4)/(-160))?
0
Let i be (-10)/(3/6*-4). Suppose -2*l - 5*m = i + 1, 4*m = -16. Suppose 0 = -2*z - l + 45. What is the tens digit of z?
1
Let n(a) = a**3 - 5*a**2 - 2*a. Let p be n(4). What is the tens digit of (-6)/p - 574/(-8)?
7
Suppose 4*j - 1394 = j + 4*i, 5*j + 4*i - 2302 = 0. What is the units digit of j?
2
Let i(j) = 8*j + 2. Let t be i(-2). Let a = 151 + t. Suppose 2*o - 4*l - 86 = 0, 4*o + 2*l - a = 3*l. What is the units digit of o?
3
Let m(z) = -9*z**3 - 1. Let p be m(1). Let w(i) = -4*i - 1. What is the units digit of w(p)?
9
Suppose 3*i - 7*i + 144 = 0. What is the units digit of i?
6
What is the tens digit of 4/64*18422 - (-3)/(-8)?
5
What is the tens digit of (2/10 - (-156)/(-130)) + 737?
3
Let w(z) = 5*z - 2. Let s be w(-2). Let v = -19 - s. Let x = v + 28. What is the tens digit of x?
2
Let n = -21 - -28. Let j = 155 - n. What is the units digit of j?
8
Let b = 6 - 4. Suppose -3*m = b*m - 110. What is the tens digit of 1/(-1) + m + 1?
2
Suppose 2*f - 7*f - 4*r = -119, f + 4*r = 11. Suppose -f + 122 = 5*l. Let x = 49 - l. What is the tens digit of x?
3
Suppose 4 = -11*m + 9*m, -5*q = -3*m - 8246. What is the thousands digit of q?
1
Let z(w) = w**